(i) + 2*o(i). Suppose 0 = 2*r - 5*c + 10, c - 2 = -0*r + 3*r. Suppose r = -11*z + 6 - 39. Give v(z).
-15
Let j be (-57)/152 - (-26)/(-16). Let a(x) = 26*x - 1. What is a(j)?
-53
Let z(g) = -g**2 + 4*g - 31. Let v(x) = x**2 - x + 1. Let b(q) = -6*q**2 + 10*q - 38. Let n(f) = -b(f) - 5*v(f). Let r(d) = -3*n(d) - 4*z(d). Calculate r(0).
25
Let x(v) = -v**2 + 20*v + 72. Let n(h) = -2*h - 5. Let i(f) = -4*n(f) + x(f). Determine i(31).
-1
Let d(y) = -y**2 - 228987 + 114503 + 9*y + 114506. Calculate d(10).
12
Let k(b) = -b**3 - b**2 + 1. Suppose 7*d - 3*d - 17 = -t, -t + 12 = 3*d. Suppose 15 = -4*i + d*l, -2*i + 15*l - 15 = 10*l. What is k(i)?
1
Let h(s) = 354*s**2 - 350*s**2 - 1 - 3 + s**3 + 0*s**3. Let r = 9 + 2. Suppose 3*n - 2 = -r. Give h(n).
5
Let f(r) = -3*r**3 + 6*r**2 - 8*r. Let t(l) = 2*l**3 + 8*l**2 - 31*l - 109. Let g be t(-3). Give f(g).
-16
Let b(t) be the third derivative of t**5/60 - t**4/24 - 3*t**3/2 - 619*t**2. What is b(0)?
-9
Let r(f) = -12*f - 58 - 24*f + 20*f - 6 - 6*f. Give r(-3).
2
Let x(q) = q**2 - 7*q - 5. Let t be 4/(-14) - 6/(-21). Suppose -2*d + 2*o = -t*d - 8, 0 = 4*d - 2*o - 24. Let w be x(d). Let g(p) = -5*p + 2. Give g(w).
-13
Let y(q) = -4*q**2 - 4*q + 8. Let l(a) = 5*a**2 + 5*a - 9. Let u(n) = 5*l(n) + 6*y(n). Let x = 86554 - 86557. Give u(x).
9
Let f = 5 + -2. Let q(k) be the first derivative of -1/4*k**4 - 84 + 2/3*k**3 + k**2 - 2*k. Determine q(f).
-5
Suppose 100 - 451 = -13*i. Suppose 19*y + i = -11. Let n(l) be the third derivative of l**6/120 + l**5/30 + l**4/8 + l**3/6 + 4*l**2. Give n(y).
-5
Let g(d) = 121*d - 1815. Let w be g(15). Let k(s) be the second derivative of 5/2*s**2 - 1/2*s**3 - 14*s + w. Determine k(5).
-10
Suppose 88*o - 679 = -9*o. Let g(j) = -j**3 + 9*j**2 - 17*j + 16. Determine g(o).
-5
Suppose -30 = -5*a - 5*n, -2*n + 7 = a - 0*a. Let r(y) be the second derivative of -y**3/6 - 627*y - 2. Determine r(a).
-5
Let t = 19 + -19. Suppose 0 = -2*v - 2*f + 16, t = 5*v - 2*f + 6*f - 35. Let y(g) = 4*g**2 - v*g**3 + 0*g**3 - 2 - 3*g**2 + g + 4*g**3. What is y(0)?
-2
Let c(w) = -6*w + 4. Let f be c(-16). Suppose 13*x = 11*x - f. Let t be 170/x + 3/(-5). Let u(s) = s**3 + 4*s**2 + s + 4. What is u(t)?
0
Let g(s) be the third derivative of -s**4/8 + 8*s**3/3 + s**2 + 33. Let x be (-1 + -2)*(-4 + (-56)/(-24)). What is g(x)?
1
Let v(h) be the first derivative of -2*h**3/3 + 9*h**2/2 - 17*h + 1162. Give v(4).
-13
Let p(i) = -2*i**3 + 2*i**2 - 2*i + 1. Let u = -204 - -194. Let v(o) = -3*o - 29. Let a be v(u). Give p(a).
-1
Let g(r) be the third derivative of 1/24*r**4 + 29/6*r**3 - 24*r**2 + 0 + 0*r. Let c be g(-24). Let q(a) = a + 3. Calculate q(c).
8
Let b(q) = 273*q - 31397. Let w be b(115). Let d(p) be the second derivative of 2*p**3/3 - p**2/2 + 2*p. Calculate d(w).
-9
Let d(t) be the second derivative of t**4/12 + 5*t**3/3 - 5*t**2 + 3311*t. Determine d(-4).
-34
Let j(t) = 695*t - 147 - 1330*t + 683*t. Give j(3).
-3
Let n be (-4 + 8)*(-7)/(-28). Let a(u) be the second derivative of -u**5/20 + u**4/12 - u**2/2 + 15*u - 1. What is a(n)?
-1
Let t(h) be the third derivative of h**5/30 + h**4/6 - 14*h**3/3 + 86*h**2. Let q(n) be the first derivative of t(n). Give q(-5).
-16
Let z(g) = g + 14. Suppose 0 = 5*m - 9*m + 5*s + 490, 0 = -2*m - s + 238. Suppose 0 = -100*d + 112*d + m. Determine z(d).
4
Let w(d) be the third derivative of -d**4/12 + d**3/6 - d**2 - 1449*d. Suppose -3*a - o = 2*a - 35, -a - 7 = 3*o. Suppose -m - m = -a. Calculate w(m).
-7
Let u(f) = -2*f. Let v(q) = -4*q**2 + 27*q - 1. Let m(d) = u(d) - v(d). Give m(7).
-6
Let c(v) = 2*v**2 + 15*v + 1. Let i be c(-6). Let y = -3 - i. Suppose 0 = -7*u - y - 28. Let l(w) = -w**2 - 6*w - 1. Calculate l(u).
-1
Suppose 0 = -9*f + 42 - 15. Let v(z) = -22 + 9 + 2*z - f*z + 11. Determine v(-6).
4
Let a(j) be the second derivative of 3*j - 1/6*j**3 - 3/2*j**2 + 0. Suppose 2*b - 22 = 17*c - 12*c, -c - b - 3 = 0. Calculate a(c).
1
Let q(v) = -2*v - 6. Let l(p) = p**2 + 11*p - 51. Suppose 146 + 50 = -14*k. Let t be l(k). Determine q(t).
12
Let j(f) = f**3 - 8*f**2 + 21*f - 43. Let b be j(6). Suppose -b = 23*v + 12. Let o(y) = -14*y**3 + 1. What is o(v)?
15
Let a be 105/(-12) - (-1)/(-4). Let u(h) be the first derivative of -h**3/3 - 9*h**2/2 - 4*h - 289. Determine u(a).
-4
Let c(g) = 2*g. Suppose 0 = -8*q + 21*q + 546. Let v be 3 + q/7 + 5. What is c(v)?
4
Let u(s) be the third derivative of s**9/60480 + s**8/6720 - s**6/720 + 33*s**5/20 - 28*s**2. Let m(i) be the third derivative of u(i). What is m(-1)?
1
Let b(s) = -s**3 - 3*s**2 - 2*s + 2. Suppose l + 10*k = 5*k + 12, -4*l + 3*k - 21 = 0. Determine b(l).
8
Let v = 12899 + -12899. Let h(c) = -c**2 + 3*c + 8. Give h(v).
8
Let h be 6 - 16 - (4 - 6) - -4. Let k(x) = x**3 - 5*x**2 + 5. Determine k(h).
-139
Let o(j) = -3 - 39*j**2 + 21*j**2 + 2*j**3 - 28*j + 23*j**2 + 21*j**2. Calculate o(-14).
-3
Let t(z) = 2*z + 43. Let d be t(-14). Suppose d = -5*k + 4*j, 3*k - 4 = 3*j - 10. Let b(p) = -p - 6. What is b(k)?
1
Let x(q) be the third derivative of -q**5/30 + q**4/6 - 7*q**3/6 - 1837*q**2. Give x(3).
-13
Let r(w) be the second derivative of -w**4/12 + w**3 + 2*w**2 - 20*w - 25. Give r(-3).
-23
Let n(d) = 53*d**2 - 7*d + 168. Let t(r) = -9*r**2 - 28. Let z(i) = n(i) + 6*t(i). Let m = -3 - 6. Give z(m).
-18
Let x(n) = -2*n**3 + 9*n**2 - 11*n + 9. Let d be x(3). Suppose 2*g = d*q + 5, -9 + 3 = 2*q - 4*g. Let t(y) = -y. What is t(q)?
1
Let g(c) = -12*c + 341. Let t be (-1)/(-13*9/3393). What is g(t)?
-7
Let w(o) = -12*o**2 + o + 1. Let k be 3*(-2 - -1) - (-77)/11. Let s be k*((-46)/56 - 144/(-252)). Give w(s).
-12
Suppose 15 = -5*x, 5*n = -4*x + 22 - 4. Let g(c) = 1 - 8*c**2 + n*c + c**3 + 20 - 24. Calculate g(7).
-10
Suppose -a = 2*u - 27, 13*a - 4*u - 235 = -u. Let g(z) = z**2 - 22*z + 54. Calculate g(a).
-3
Suppose 0 = 5*g - 2*j - 9 - 25, 3*j - 18 = -4*g. Suppose 4*v - v - 4*m = g, -2*v + 8 = -4*m. Let q(h) = -11*h + 1. Determine q(v).
23
Let x(g) be the first derivative of -g**4/4 + 7*g**3/3 + 3*g**2 - 5*g + 78. Determine x(8).
-21
Let v = 749 - 758. Let j(o) = -o**2 - 5*o - 12. What is j(v)?
-48
Suppose -16 = -2*u - 2*t, 3*t - 14 = 8*u - 6*u. Let w(m) be the second derivative of m**u - 1/3*m**3 + 0 - 7*m. Give w(3).
-4
Suppose 1953 = 8*j + 1921. Let x(s) = s**3 - 2*s**2 - 7*s - 3. Calculate x(j).
1
Let j(w) = w**2 + 13*w - 46. Let c be (2 + 12/(-7))/(142/(-6958)). What is j(c)?
-32
Let n(z) = z**2 + 2. Suppose 2*g + 5*t = -515, -92 = -4*g + 2*t - 1182. Let c = -272 - g. Give n(c).
6
Let j(t) = 622*t + 9945. Let a be j(-16). Let b(n) = 2*n**2 + 24*n + 10. Determine b(a).
-60
Let h(p) = -3*p + 7. Let s(v) = -13*v**2 - 5*v + 3. Let u be s(2). Let r = -53 - u. Suppose -r*o = -9*o + 15. Determine h(o).
-8
Let j(q) = -4*q + 2. Let p = 82 + -81. Suppose 4 = 4*x - 4*o, -3*x + 5*o - p = -0. Suppose x*n = -n + 12. What is j(n)?
-10
Let c(n) = -n**2 + 8*n + 13. Let b = -87 - -74. Let f be b/(-1) + -6 + 2. Give c(f).
4
Let f be 1 - (-11 - 781/(-66) - (-33)/(-18)). Let w(r) be the third derivative of r**5/60 + r**4/6 - r**3/2 - 7*r**2. Calculate w(f).
9
Let x(v) = 4*v - 1. Suppose -4 = -7*q + 24. Suppose b = 2*k - q, -k - b + 12 = b. Suppose -3*l + 5 = -k. What is x(l)?
11
Let d(x) = x**2 - 16*x - 616. Let o be d(-18). Let b(s) be the first derivative of s**4/4 + 2*s**3/3 - 5*s**2/2 + 1. Calculate b(o).
-12
Suppose 2*i - 176 = -6*i. Suppose 6*k + i = 70. Suppose 3*d - k = -2. Let s(g) = -g + 2. Calculate s(d).
0
Let s(g) = g**2 - 319*g + 7054. Let o be s(24). Let x(y) = -9*y - 229. Give x(o).
5
Let c(x) = x**3 - 3*x - 4 + 4*x - 9*x - 2*x**3 + 7*x - 4*x**2. Suppose -2*b + 6 = -4*b. Let h be -6*(b - (-22)/6). Determine c(h).
0
Let h = 81 + -64. Suppose -4*w + h + 3 = 0. Suppose -2*s - 12 = 4*m, 0 = 4*s - 5*m + w + 6. Let r(n) = -2*n - 1. Calculate r(s).
7
Suppose t + 20 = 5*o, -5*t + 0*o - 2*o + 35 = 0. Let m(b) = 219*b**2 + 65*b + 20. Let y(u) = -137*u**2 - 41*u - 13. Let a(s) = 5*m(s) + 8*y(s). Give a(t).
-44
Suppose 0 = -19*j - 24365 + 24384. Let u(c) = 46*c - 3. Determine u(j).
43
Let y(w) = 5*w - 1. Let s(p) = -p - 2. Let h(v) = -6*s(v) - y(v). Let x be h(-26). Let c(d) = d**2 + 14*d + 14. Calculate c(x).
1
Let s(r) = 4*r - 5 - r**2 - r - 4 + 8 + r**3. Suppose 2*m + 14 = 5*p, m + 3 + 3 = 2*p. Calculate s(p).
9
Let y(m